{"id":309,"date":"2022-12-05T08:48:47","date_gmt":"2022-12-05T08:48:47","guid":{"rendered":"https:\/\/integrate.indecosoft.ro\/?page_id=309"},"modified":"2024-04-26T12:36:33","modified_gmt":"2024-04-26T12:36:33","slug":"workshop","status":"publish","type":"page","link":"https:\/\/integrate.indecosoft.ro\/index.php\/workshop\/","title":{"rendered":"Workshop"},"content":{"rendered":"\t\t<div data-elementor-type=\"wp-page\" data-elementor-id=\"309\" class=\"elementor elementor-309\">\n\t\t\t\t\t\t<section class=\"elementor-section elementor-top-section elementor-element elementor-element-098d801 elementor-section-boxed elementor-section-height-default elementor-section-height-default\" data-id=\"098d801\" data-element_type=\"section\" data-e-type=\"section\">\n\t\t\t\t\t\t<div class=\"elementor-container elementor-column-gap-default\">\n\t\t\t\t\t<div class=\"elementor-column elementor-col-100 elementor-top-column elementor-element elementor-element-f113dac\" data-id=\"f113dac\" data-element_type=\"column\" data-e-type=\"column\">\n\t\t\t<div class=\"elementor-widget-wrap elementor-element-populated\">\n\t\t\t\t\t\t<div class=\"elementor-element elementor-element-05e6596 elementor-widget elementor-widget-heading\" data-id=\"05e6596\" data-element_type=\"widget\" data-e-type=\"widget\" data-widget_type=\"heading.default\">\n\t\t\t\t<div class=\"elementor-widget-container\">\n\t\t\t\t\t<h3 class=\"elementor-heading-title elementor-size-default\">Workshop <span class=\"ui-provider a b c d e f g h i j k l m n o p q r s t u v w x y z ab ac ae af ag ah ai aj ak\" dir=\"ltr\">12 aprilie 2024<\/span><\/h3>\t\t\t\t<\/div>\n\t\t\t\t<\/div>\n\t\t\t\t\t<\/div>\n\t\t<\/div>\n\t\t\t\t\t<\/div>\n\t\t<\/section>\n\t\t\t\t<section class=\"elementor-section elementor-top-section elementor-element elementor-element-3f03d1d elementor-section-boxed elementor-section-height-default elementor-section-height-default\" data-id=\"3f03d1d\" data-element_type=\"section\" data-e-type=\"section\">\n\t\t\t\t\t\t<div class=\"elementor-container elementor-column-gap-default\">\n\t\t\t\t\t<div class=\"elementor-column elementor-col-25 elementor-top-column elementor-element elementor-element-95aa98f\" data-id=\"95aa98f\" data-element_type=\"column\" data-e-type=\"column\">\n\t\t\t<div class=\"elementor-widget-wrap elementor-element-populated\">\n\t\t\t\t\t\t<div class=\"elementor-element elementor-element-93b4cd4 elementor-widget elementor-widget-image\" data-id=\"93b4cd4\" data-element_type=\"widget\" data-e-type=\"widget\" data-widget_type=\"image.default\">\n\t\t\t\t<div class=\"elementor-widget-container\">\n\t\t\t\t\t\t\t\t\t\t\t\t\t\t\t<img fetchpriority=\"high\" decoding=\"async\" width=\"900\" height=\"675\" src=\"https:\/\/integrate.indecosoft.ro\/wp-content\/uploads\/2024\/04\/shared-image-1024x768.jpeg\" class=\"attachment-large size-large wp-image-426\" alt=\"\" srcset=\"https:\/\/integrate.indecosoft.ro\/wp-content\/uploads\/2024\/04\/shared-image-1024x768.jpeg 1024w, https:\/\/integrate.indecosoft.ro\/wp-content\/uploads\/2024\/04\/shared-image-300x225.jpeg 300w, https:\/\/integrate.indecosoft.ro\/wp-content\/uploads\/2024\/04\/shared-image-768x576.jpeg 768w, https:\/\/integrate.indecosoft.ro\/wp-content\/uploads\/2024\/04\/shared-image-1536x1152.jpeg 1536w, https:\/\/integrate.indecosoft.ro\/wp-content\/uploads\/2024\/04\/shared-image-150x113.jpeg 150w, https:\/\/integrate.indecosoft.ro\/wp-content\/uploads\/2024\/04\/shared-image.jpeg 2016w\" sizes=\"(max-width: 900px) 100vw, 900px\" \/>\t\t\t\t\t\t\t\t\t\t\t\t\t\t\t<\/div>\n\t\t\t\t<\/div>\n\t\t\t\t\t<\/div>\n\t\t<\/div>\n\t\t\t\t<div class=\"elementor-column elementor-col-25 elementor-top-column elementor-element elementor-element-4fa5df5\" data-id=\"4fa5df5\" data-element_type=\"column\" data-e-type=\"column\">\n\t\t\t<div class=\"elementor-widget-wrap elementor-element-populated\">\n\t\t\t\t\t\t<div class=\"elementor-element elementor-element-592c5e2 elementor-widget elementor-widget-image\" data-id=\"592c5e2\" data-element_type=\"widget\" data-e-type=\"widget\" data-widget_type=\"image.default\">\n\t\t\t\t<div class=\"elementor-widget-container\">\n\t\t\t\t\t\t\t\t\t\t\t\t\t\t\t<img decoding=\"async\" width=\"900\" height=\"675\" src=\"https:\/\/integrate.indecosoft.ro\/wp-content\/uploads\/2024\/04\/shared-image-3-1024x768.jpeg\" class=\"attachment-large size-large wp-image-423\" alt=\"\" srcset=\"https:\/\/integrate.indecosoft.ro\/wp-content\/uploads\/2024\/04\/shared-image-3-1024x768.jpeg 1024w, https:\/\/integrate.indecosoft.ro\/wp-content\/uploads\/2024\/04\/shared-image-3-300x225.jpeg 300w, https:\/\/integrate.indecosoft.ro\/wp-content\/uploads\/2024\/04\/shared-image-3-768x576.jpeg 768w, https:\/\/integrate.indecosoft.ro\/wp-content\/uploads\/2024\/04\/shared-image-3-1536x1152.jpeg 1536w, https:\/\/integrate.indecosoft.ro\/wp-content\/uploads\/2024\/04\/shared-image-3-150x113.jpeg 150w, https:\/\/integrate.indecosoft.ro\/wp-content\/uploads\/2024\/04\/shared-image-3.jpeg 2016w\" sizes=\"(max-width: 900px) 100vw, 900px\" \/>\t\t\t\t\t\t\t\t\t\t\t\t\t\t\t<\/div>\n\t\t\t\t<\/div>\n\t\t\t\t\t<\/div>\n\t\t<\/div>\n\t\t\t\t<div class=\"elementor-column elementor-col-25 elementor-top-column elementor-element elementor-element-63845f3\" data-id=\"63845f3\" data-element_type=\"column\" data-e-type=\"column\">\n\t\t\t<div class=\"elementor-widget-wrap elementor-element-populated\">\n\t\t\t\t\t\t<div class=\"elementor-element elementor-element-a8171ff elementor-widget elementor-widget-image\" data-id=\"a8171ff\" data-element_type=\"widget\" data-e-type=\"widget\" data-widget_type=\"image.default\">\n\t\t\t\t<div class=\"elementor-widget-container\">\n\t\t\t\t\t\t\t\t\t\t\t\t\t\t\t<img decoding=\"async\" width=\"900\" height=\"675\" src=\"https:\/\/integrate.indecosoft.ro\/wp-content\/uploads\/2024\/04\/shared-image-2-1024x768.jpeg\" class=\"attachment-large size-large wp-image-424\" alt=\"\" srcset=\"https:\/\/integrate.indecosoft.ro\/wp-content\/uploads\/2024\/04\/shared-image-2-1024x768.jpeg 1024w, https:\/\/integrate.indecosoft.ro\/wp-content\/uploads\/2024\/04\/shared-image-2-300x225.jpeg 300w, https:\/\/integrate.indecosoft.ro\/wp-content\/uploads\/2024\/04\/shared-image-2-768x576.jpeg 768w, https:\/\/integrate.indecosoft.ro\/wp-content\/uploads\/2024\/04\/shared-image-2-1536x1152.jpeg 1536w, https:\/\/integrate.indecosoft.ro\/wp-content\/uploads\/2024\/04\/shared-image-2-150x113.jpeg 150w, https:\/\/integrate.indecosoft.ro\/wp-content\/uploads\/2024\/04\/shared-image-2.jpeg 2016w\" sizes=\"(max-width: 900px) 100vw, 900px\" \/>\t\t\t\t\t\t\t\t\t\t\t\t\t\t\t<\/div>\n\t\t\t\t<\/div>\n\t\t\t\t\t<\/div>\n\t\t<\/div>\n\t\t\t\t<div class=\"elementor-column elementor-col-25 elementor-top-column elementor-element elementor-element-6a79613\" data-id=\"6a79613\" data-element_type=\"column\" data-e-type=\"column\">\n\t\t\t<div class=\"elementor-widget-wrap elementor-element-populated\">\n\t\t\t\t\t\t<div class=\"elementor-element elementor-element-4e63998 elementor-widget elementor-widget-image\" data-id=\"4e63998\" data-element_type=\"widget\" data-e-type=\"widget\" data-widget_type=\"image.default\">\n\t\t\t\t<div class=\"elementor-widget-container\">\n\t\t\t\t\t\t\t\t\t\t\t\t\t\t\t<img loading=\"lazy\" decoding=\"async\" width=\"900\" height=\"675\" src=\"https:\/\/integrate.indecosoft.ro\/wp-content\/uploads\/2024\/04\/shared-image-1-1024x768.jpeg\" class=\"attachment-large size-large wp-image-425\" alt=\"\" srcset=\"https:\/\/integrate.indecosoft.ro\/wp-content\/uploads\/2024\/04\/shared-image-1-1024x768.jpeg 1024w, https:\/\/integrate.indecosoft.ro\/wp-content\/uploads\/2024\/04\/shared-image-1-300x225.jpeg 300w, https:\/\/integrate.indecosoft.ro\/wp-content\/uploads\/2024\/04\/shared-image-1-768x576.jpeg 768w, https:\/\/integrate.indecosoft.ro\/wp-content\/uploads\/2024\/04\/shared-image-1-1536x1152.jpeg 1536w, https:\/\/integrate.indecosoft.ro\/wp-content\/uploads\/2024\/04\/shared-image-1-150x113.jpeg 150w, https:\/\/integrate.indecosoft.ro\/wp-content\/uploads\/2024\/04\/shared-image-1.jpeg 2016w\" sizes=\"(max-width: 900px) 100vw, 900px\" \/>\t\t\t\t\t\t\t\t\t\t\t\t\t\t\t<\/div>\n\t\t\t\t<\/div>\n\t\t\t\t\t<\/div>\n\t\t<\/div>\n\t\t\t\t\t<\/div>\n\t\t<\/section>\n\t\t\t\t<section class=\"elementor-section elementor-top-section elementor-element elementor-element-1166084 elementor-section-boxed elementor-section-height-default elementor-section-height-default\" data-id=\"1166084\" data-element_type=\"section\" data-e-type=\"section\">\n\t\t\t\t\t\t<div class=\"elementor-container elementor-column-gap-default\">\n\t\t\t\t\t<div class=\"elementor-column elementor-col-100 elementor-top-column elementor-element elementor-element-4da6669\" data-id=\"4da6669\" data-element_type=\"column\" data-e-type=\"column\">\n\t\t\t<div class=\"elementor-widget-wrap elementor-element-populated\">\n\t\t\t\t\t\t<div class=\"elementor-element elementor-element-156bc0a elementor-widget elementor-widget-text-editor\" data-id=\"156bc0a\" data-element_type=\"widget\" data-e-type=\"widget\" data-widget_type=\"text-editor.default\">\n\t\t\t\t<div class=\"elementor-widget-container\">\n\t\t\t\t\t\t\t\t\t<p>\u00cen data de 12 aprilie 2024, Universitatea Babe\u0219-Bolyai din Cluj-Napoca, \u00een colaborare cu Indeco Soft SRL \u0219i SC Creative Space SRL, a g\u0103zduit cu succes atelierul de lucru pe tema utiliz\u0103rii Insulei de C\u0103ldur\u0103 Urban\u0103. Evenimentul, parte a proiectului INTEGRATE, a reunit exper\u021bi \u0219i reprezentan\u021bi ai autorit\u0103\u021bilor locale pentru a discuta despre detectarea, importan\u021ba \u0219i solu\u021biile corective ale fenomenului de \u00eenc\u0103lzire urban\u0103. Participan\u021bii au avut ocazia s\u0103 interac\u021bioneze \u00een sesiuni aplicate, explor\u00e2nd tehnologii avansate \u0219i date geospa\u021biale recente pentru a \u00eembun\u0103t\u0103\u021bi calitatea vie\u021bii \u00een ora\u0219ele din Rom\u00e2nia.<\/p><p>Discu\u021biile au culminat cu prezentarea unor solu\u021bii tehnice pentru evaluarea \u00een timp real a insulelor de c\u0103ldur\u0103, \u00eembun\u0103t\u0103\u021birea strategiilor de urbanism \u0219i integrarea acestora \u00een solu\u021biile GIS existente. Rezultatele \u0219i materialele workshop-ului sunt acum disponibile pentru consultare \u0219i desc\u0103rcare pe platforma <a class=\"fui-Link ___1rxvrpe f2hkw1w f3rmtva f1ewtqcl fyind8e f1k6fduh f1w7gpdv fk6fouc fjoy568 figsok6 f1hu3pq6 f11qmguv f19f4twv f1tyq0we f1g0x7ka fhxju0i f1qch9an f1cnd47f fqv5qza f1vmzxwi f1o700av f13mvf36 f1cmlufx f9n3di6 f1ids18y f1tx3yz7 f1deo86v f1eh06m1 f1iescvh fhgqx19 f1olyrje f1p93eir f1nev41a f1h8hb77 f1lqvz6u f10aw75t fsle3fq f17ae5zn\" title=\"https:\/\/integrate.indecosoft.ro\/\" href=\"https:\/\/integrate.indecosoft.ro\/\" target=\"_blank\" rel=\"noreferrer noopener\" aria-label=\"Link integrate.indecosoft.ro\">integrate.indecosoft.ro<\/a>, oferind acces la h\u0103r\u021bi termice detaliate \u0219i evalu\u0103ri ale insulelor de c\u0103ldur\u0103 urban\u0103 pentru multiple localit\u0103\u021bi din Rom\u00e2nia.<\/p>\t\t\t\t\t\t\t\t<\/div>\n\t\t\t\t<\/div>\n\t\t\t\t\t<\/div>\n\t\t<\/div>\n\t\t\t\t\t<\/div>\n\t\t<\/section>\n\t\t\t\t<section class=\"elementor-section elementor-top-section elementor-element elementor-element-677ca84 elementor-section-boxed elementor-section-height-default elementor-section-height-default\" data-id=\"677ca84\" data-element_type=\"section\" data-e-type=\"section\">\n\t\t\t\t\t\t<div class=\"elementor-container elementor-column-gap-default\">\n\t\t\t\t\t<div class=\"elementor-column elementor-col-100 elementor-top-column elementor-element elementor-element-f8b163c\" data-id=\"f8b163c\" data-element_type=\"column\" data-e-type=\"column\">\n\t\t\t<div class=\"elementor-widget-wrap elementor-element-populated\">\n\t\t\t\t\t\t<div class=\"elementor-element elementor-element-1f70f41 elementor-widget elementor-widget-heading\" data-id=\"1f70f41\" data-element_type=\"widget\" data-e-type=\"widget\" data-widget_type=\"heading.default\">\n\t\t\t\t<div class=\"elementor-widget-container\">\n\t\t\t\t\t<h3 class=\"elementor-heading-title elementor-size-default\">Workshop <span class=\"ui-provider a b c d e f g h i j k l m n o p q r s t u v w x y z ab ac ae af ag ah ai aj ak\" dir=\"ltr\">8 decembrie 2022<\/span><\/h3>\t\t\t\t<\/div>\n\t\t\t\t<\/div>\n\t\t\t\t<div class=\"elementor-element elementor-element-9ee238f elementor-widget elementor-widget-text-editor\" data-id=\"9ee238f\" data-element_type=\"widget\" data-e-type=\"widget\" data-widget_type=\"text-editor.default\">\n\t\t\t\t<div class=\"elementor-widget-container\">\n\t\t\t\t\t\t\t\t\t<p>La data de 8 decembrie 2022, SC Indeco Soft SRL, \u00een parteneriat cu Universitatea Babe\u0219-Bolyai din Cluj-Napoca \u0219i SC Creative Space SRL, a organizat cu succes un atelier de lucru online, dedicat identific\u0103rii Insulei de C\u0103ldur\u0103 Urban\u0103. Evenimentul, desf\u0103\u0219urat prin Google Meet, a abordat importan\u021ba acestui fenomen \u00een contextul urbanistic \u0219i a prezentat solu\u021bii tehnice pentru evaluarea sa \u00een timp real. Profesorul Adina Croitoru \u0219i Sorin Pop de la Creative Space au \u00eemp\u0103rt\u0103\u0219it perspective valoroase despre impactul insulelor de c\u0103ldur\u0103 asupra planific\u0103rii urbane \u0219i m\u0103surile corective ce pot fi aplicate.<\/p><p>Discu\u021biile s-au concentrat pe integrarea eficient\u0103 a datelor geospa\u021biale \u00een solu\u021biile GIS existente \u0219i au culminat cu o sesiune de \u00eentreb\u0103ri \u0219i r\u0103spunsuri, oferind participan\u021bilor oportunitatea de a clarifica aspectele tehnice \u0219i aplicative. Materialele prezentate \u0219i \u00eenregistrarea evenimentului sunt disponibile pentru toate localit\u0103\u021bile participante, care vor beneficia gratuit de evaluarea insulei de c\u0103ldur\u0103 urban\u0103 pe parcursul anului 2023. Detaliile pot fi accesate pe platforma proiectului INTEGRATE.<\/p>\t\t\t\t\t\t\t\t<\/div>\n\t\t\t\t<\/div>\n\t\t\t\t\t<\/div>\n\t\t<\/div>\n\t\t\t\t\t<\/div>\n\t\t<\/section>\n\t\t\t\t<\/div>\n\t\t","protected":false},"excerpt":{"rendered":"<p>Workshop 12 aprilie 2024 \u00cen data de 12 aprilie 2024, Universitatea Babe\u0219-Bolyai din Cluj-Napoca, \u00een colaborare cu Indeco Soft SRL \u0219i SC Creative Space SRL, a g\u0103zduit cu succes atelierul de lucru pe tema utiliz\u0103rii Insulei de C\u0103ldur\u0103 Urban\u0103. Evenimentul, parte a proiectului INTEGRATE, a reunit exper\u021bi \u0219i reprezentan\u021bi ai&#8230;<\/p>\n<p> <a class=\"continue-reading-link\" href=\"https:\/\/integrate.indecosoft.ro\/index.php\/workshop\/\"><span>Continue reading<\/span><i class=\"crycon-right-dir\"><\/i><\/a> <\/p>\n","protected":false},"author":1,"featured_media":0,"parent":0,"menu_order":0,"comment_status":"closed","ping_status":"closed","template":"","meta":{"footnotes":""},"class_list":["post-309","page","type-page","status-publish","hentry"],"yoast_head":"<!-- This site is optimized with the Yoast SEO plugin v27.2 - https:\/\/yoast.com\/product\/yoast-seo-wordpress\/ -->\n<title>Workshop -<\/title>\n<meta name=\"robots\" content=\"index, follow, max-snippet:-1, max-image-preview:large, max-video-preview:-1\" \/>\n<link rel=\"canonical\" href=\"https:\/\/integrate.indecosoft.ro\/index.php\/workshop\/\" \/>\n<meta property=\"og:locale\" content=\"ro_RO\" \/>\n<meta property=\"og:type\" content=\"article\" \/>\n<meta property=\"og:title\" content=\"Workshop -\" \/>\n<meta property=\"og:description\" content=\"Workshop 12 aprilie 2024 \u00cen data de 12 aprilie 2024, Universitatea Babe\u0219-Bolyai din Cluj-Napoca, \u00een colaborare cu Indeco Soft SRL \u0219i SC Creative Space SRL, a g\u0103zduit cu succes atelierul de lucru pe tema utiliz\u0103rii Insulei de C\u0103ldur\u0103 Urban\u0103. Evenimentul, parte a proiectului INTEGRATE, a reunit exper\u021bi \u0219i reprezentan\u021bi ai... Continue reading\" \/>\n<meta property=\"og:url\" content=\"https:\/\/integrate.indecosoft.ro\/index.php\/workshop\/\" \/>\n<meta property=\"article:modified_time\" content=\"2024-04-26T12:36:33+00:00\" \/>\n<meta property=\"og:image\" content=\"https:\/\/integrate.indecosoft.ro\/wp-content\/uploads\/2024\/04\/shared-image-1024x768.jpeg\" \/>\n<meta name=\"twitter:card\" content=\"summary_large_image\" \/>\n<meta name=\"twitter:label1\" content=\"Timp estimat pentru citire\" \/>\n\t<meta name=\"twitter:data1\" content=\"3 minute\" \/>\n<script type=\"application\/ld+json\" class=\"yoast-schema-graph\">{\"@context\":\"https:\/\/schema.org\",\"@graph\":[{\"@type\":\"WebPage\",\"@id\":\"https:\/\/integrate.indecosoft.ro\/index.php\/workshop\/\",\"url\":\"https:\/\/integrate.indecosoft.ro\/index.php\/workshop\/\",\"name\":\"Workshop -\",\"isPartOf\":{\"@id\":\"https:\/\/integrate.indecosoft.ro\/#website\"},\"primaryImageOfPage\":{\"@id\":\"https:\/\/integrate.indecosoft.ro\/index.php\/workshop\/#primaryimage\"},\"image\":{\"@id\":\"https:\/\/integrate.indecosoft.ro\/index.php\/workshop\/#primaryimage\"},\"thumbnailUrl\":\"https:\/\/integrate.indecosoft.ro\/wp-content\/uploads\/2024\/04\/shared-image-1024x768.jpeg\",\"datePublished\":\"2022-12-05T08:48:47+00:00\",\"dateModified\":\"2024-04-26T12:36:33+00:00\",\"breadcrumb\":{\"@id\":\"https:\/\/integrate.indecosoft.ro\/index.php\/workshop\/#breadcrumb\"},\"inLanguage\":\"ro-RO\",\"potentialAction\":[{\"@type\":\"ReadAction\",\"target\":[\"https:\/\/integrate.indecosoft.ro\/index.php\/workshop\/\"]}]},{\"@type\":\"ImageObject\",\"inLanguage\":\"ro-RO\",\"@id\":\"https:\/\/integrate.indecosoft.ro\/index.php\/workshop\/#primaryimage\",\"url\":\"https:\/\/integrate.indecosoft.ro\/wp-content\/uploads\/2024\/04\/shared-image.jpeg\",\"contentUrl\":\"https:\/\/integrate.indecosoft.ro\/wp-content\/uploads\/2024\/04\/shared-image.jpeg\",\"width\":2016,\"height\":1512},{\"@type\":\"BreadcrumbList\",\"@id\":\"https:\/\/integrate.indecosoft.ro\/index.php\/workshop\/#breadcrumb\",\"itemListElement\":[{\"@type\":\"ListItem\",\"position\":1,\"name\":\"Prima pagin\u0103\",\"item\":\"https:\/\/integrate.indecosoft.ro\/\"},{\"@type\":\"ListItem\",\"position\":2,\"name\":\"Workshop\"}]},{\"@type\":\"WebSite\",\"@id\":\"https:\/\/integrate.indecosoft.ro\/#website\",\"url\":\"https:\/\/integrate.indecosoft.ro\/\",\"name\":\"\",\"description\":\"\",\"potentialAction\":[{\"@type\":\"SearchAction\",\"target\":{\"@type\":\"EntryPoint\",\"urlTemplate\":\"https:\/\/integrate.indecosoft.ro\/?s={search_term_string}\"},\"query-input\":{\"@type\":\"PropertyValueSpecification\",\"valueRequired\":true,\"valueName\":\"search_term_string\"}}],\"inLanguage\":\"ro-RO\"}]}<\/script>\n<!-- \/ Yoast SEO plugin. -->","yoast_head_json":{"title":"Workshop -","robots":{"index":"index","follow":"follow","max-snippet":"max-snippet:-1","max-image-preview":"max-image-preview:large","max-video-preview":"max-video-preview:-1"},"canonical":"https:\/\/integrate.indecosoft.ro\/index.php\/workshop\/","og_locale":"ro_RO","og_type":"article","og_title":"Workshop -","og_description":"Workshop 12 aprilie 2024 \u00cen data de 12 aprilie 2024, Universitatea Babe\u0219-Bolyai din Cluj-Napoca, \u00een colaborare cu Indeco Soft SRL \u0219i SC Creative Space SRL, a g\u0103zduit cu succes atelierul de lucru pe tema utiliz\u0103rii Insulei de C\u0103ldur\u0103 Urban\u0103. Evenimentul, parte a proiectului INTEGRATE, a reunit exper\u021bi \u0219i reprezentan\u021bi ai... Continue reading","og_url":"https:\/\/integrate.indecosoft.ro\/index.php\/workshop\/","article_modified_time":"2024-04-26T12:36:33+00:00","og_image":[{"url":"https:\/\/integrate.indecosoft.ro\/wp-content\/uploads\/2024\/04\/shared-image-1024x768.jpeg","type":"","width":"","height":""}],"twitter_card":"summary_large_image","twitter_misc":{"Timp estimat pentru citire":"3 minute"},"schema":{"@context":"https:\/\/schema.org","@graph":[{"@type":"WebPage","@id":"https:\/\/integrate.indecosoft.ro\/index.php\/workshop\/","url":"https:\/\/integrate.indecosoft.ro\/index.php\/workshop\/","name":"Workshop -","isPartOf":{"@id":"https:\/\/integrate.indecosoft.ro\/#website"},"primaryImageOfPage":{"@id":"https:\/\/integrate.indecosoft.ro\/index.php\/workshop\/#primaryimage"},"image":{"@id":"https:\/\/integrate.indecosoft.ro\/index.php\/workshop\/#primaryimage"},"thumbnailUrl":"https:\/\/integrate.indecosoft.ro\/wp-content\/uploads\/2024\/04\/shared-image-1024x768.jpeg","datePublished":"2022-12-05T08:48:47+00:00","dateModified":"2024-04-26T12:36:33+00:00","breadcrumb":{"@id":"https:\/\/integrate.indecosoft.ro\/index.php\/workshop\/#breadcrumb"},"inLanguage":"ro-RO","potentialAction":[{"@type":"ReadAction","target":["https:\/\/integrate.indecosoft.ro\/index.php\/workshop\/"]}]},{"@type":"ImageObject","inLanguage":"ro-RO","@id":"https:\/\/integrate.indecosoft.ro\/index.php\/workshop\/#primaryimage","url":"https:\/\/integrate.indecosoft.ro\/wp-content\/uploads\/2024\/04\/shared-image.jpeg","contentUrl":"https:\/\/integrate.indecosoft.ro\/wp-content\/uploads\/2024\/04\/shared-image.jpeg","width":2016,"height":1512},{"@type":"BreadcrumbList","@id":"https:\/\/integrate.indecosoft.ro\/index.php\/workshop\/#breadcrumb","itemListElement":[{"@type":"ListItem","position":1,"name":"Prima pagin\u0103","item":"https:\/\/integrate.indecosoft.ro\/"},{"@type":"ListItem","position":2,"name":"Workshop"}]},{"@type":"WebSite","@id":"https:\/\/integrate.indecosoft.ro\/#website","url":"https:\/\/integrate.indecosoft.ro\/","name":"","description":"","potentialAction":[{"@type":"SearchAction","target":{"@type":"EntryPoint","urlTemplate":"https:\/\/integrate.indecosoft.ro\/?s={search_term_string}"},"query-input":{"@type":"PropertyValueSpecification","valueRequired":true,"valueName":"search_term_string"}}],"inLanguage":"ro-RO"}]}},"_links":{"self":[{"href":"https:\/\/integrate.indecosoft.ro\/index.php\/wp-json\/wp\/v2\/pages\/309","targetHints":{"allow":["GET"]}}],"collection":[{"href":"https:\/\/integrate.indecosoft.ro\/index.php\/wp-json\/wp\/v2\/pages"}],"about":[{"href":"https:\/\/integrate.indecosoft.ro\/index.php\/wp-json\/wp\/v2\/types\/page"}],"author":[{"embeddable":true,"href":"https:\/\/integrate.indecosoft.ro\/index.php\/wp-json\/wp\/v2\/users\/1"}],"replies":[{"embeddable":true,"href":"https:\/\/integrate.indecosoft.ro\/index.php\/wp-json\/wp\/v2\/comments?post=309"}],"version-history":[{"count":9,"href":"https:\/\/integrate.indecosoft.ro\/index.php\/wp-json\/wp\/v2\/pages\/309\/revisions"}],"predecessor-version":[{"id":433,"href":"https:\/\/integrate.indecosoft.ro\/index.php\/wp-json\/wp\/v2\/pages\/309\/revisions\/433"}],"wp:attachment":[{"href":"https:\/\/integrate.indecosoft.ro\/index.php\/wp-json\/wp\/v2\/media?parent=309"}],"curies":[{"name":"wp","href":"https:\/\/api.w.org\/{rel}","templated":true}]}}